{"id":60,"date":"2018-12-02T15:20:39","date_gmt":"2018-12-02T14:20:39","guid":{"rendered":"http:\/\/wp.arniko.pl\/?page_id=60"},"modified":"2019-01-13T21:39:06","modified_gmt":"2019-01-13T20:39:06","slug":"programowanie-sterownikow-plc","status":"publish","type":"page","link":"https:\/\/www.arniko.pl\/index.php\/programowanie-sterownikow-plc\/","title":{"rendered":"Programowanie sterownik\u00f3w PLC"},"content":{"rendered":"<p>Tworzymy aplikacje na sterowniki PLC wielu producent\u00f3w w\u015br\u00f3d kt\u00f3rych znale\u017a\u0107 mo\u017cna m.in. Unitronics, Siemens, Eaton. Oferujemy opiek\u0119 po-sprzeda\u017cow\u0105 w czasie kt\u00f3rej doskonalimy program lub uzupe\u0142niamy o nowe funkcje, tak aby dostosowa\u0107 produkt do specyfiki \u015brodowiska w kt\u00f3rym pracuje.<\/p>\n\n\n<figure class=\"wp-block-image\"><img loading=\"lazy\" width=\"1024\" height=\"768\" src=\"http:\/\/wp.arniko.pl\/wp-content\/uploads\/2019\/01\/IMG_20180914_163319-1024x768.jpg\" alt=\"Ekran sterownika\" class=\"wp-image-1290\" srcset=\"https:\/\/www.arniko.pl\/wp-content\/uploads\/2019\/01\/IMG_20180914_163319-1024x768.jpg 1024w, https:\/\/www.arniko.pl\/wp-content\/uploads\/2019\/01\/IMG_20180914_163319-300x225.jpg 300w, https:\/\/www.arniko.pl\/wp-content\/uploads\/2019\/01\/IMG_20180914_163319-768x576.jpg 768w\" sizes=\"(max-width: 1024px) 100vw, 1024px\" \/><figcaption>Ekran sterownika, temperatury zbo\u017ca w silosie. -widok serwisowy.<\/figcaption><\/figure>\n\n\n\n<figure class=\"wp-block-image\"><img loading=\"lazy\" width=\"640\" height=\"398\" src=\"http:\/\/wp.arniko.pl\/wp-content\/uploads\/2019\/01\/sterownik2.png\" alt=\"Ekran sterownika\" class=\"wp-image-1330\" srcset=\"https:\/\/www.arniko.pl\/wp-content\/uploads\/2019\/01\/sterownik2.png 640w, https:\/\/www.arniko.pl\/wp-content\/uploads\/2019\/01\/sterownik2-300x187.png 300w\" sizes=\"(max-width: 640px) 100vw, 640px\" \/><figcaption>Ekran sterownika, wyb\u00f3r nastaw.<\/figcaption><\/figure>\n","protected":false},"excerpt":{"rendered":"<p>Tworzymy aplikacje na sterowniki PLC wielu producent\u00f3w w\u015br\u00f3d kt\u00f3rych znale\u017a\u0107 mo\u017cna m.in. Unitronics, Siemens, Eaton. Oferujemy opiek\u0119 po-sprzeda\u017cow\u0105 w czasie kt\u00f3rej doskonalimy program lub uzupe\u0142niamy o nowe funkcje, tak aby dostosowa\u0107 produkt do specyfiki \u015brodowiska w kt\u00f3rym pracuje.<\/p>\n","protected":false},"author":1,"featured_media":0,"parent":0,"menu_order":0,"comment_status":"closed","ping_status":"closed","template":"","meta":[],"_links":{"self":[{"href":"https:\/\/www.arniko.pl\/index.php\/wp-json\/wp\/v2\/pages\/60"}],"collection":[{"href":"https:\/\/www.arniko.pl\/index.php\/wp-json\/wp\/v2\/pages"}],"about":[{"href":"https:\/\/www.arniko.pl\/index.php\/wp-json\/wp\/v2\/types\/page"}],"author":[{"embeddable":true,"href":"https:\/\/www.arniko.pl\/index.php\/wp-json\/wp\/v2\/users\/1"}],"replies":[{"embeddable":true,"href":"https:\/\/www.arniko.pl\/index.php\/wp-json\/wp\/v2\/comments?post=60"}],"version-history":[{"count":3,"href":"https:\/\/www.arniko.pl\/index.php\/wp-json\/wp\/v2\/pages\/60\/revisions"}],"predecessor-version":[{"id":1331,"href":"https:\/\/www.arniko.pl\/index.php\/wp-json\/wp\/v2\/pages\/60\/revisions\/1331"}],"wp:attachment":[{"href":"https:\/\/www.arniko.pl\/index.php\/wp-json\/wp\/v2\/media?parent=60"}],"curies":[{"name":"wp","href":"https:\/\/api.w.org\/{rel}","templated":true}]}}